{"id":100,"date":"2019-03-24T15:48:14","date_gmt":"2019-03-24T14:48:14","guid":{"rendered":"http:\/\/joiedecrire.ovh\/?page_id=100"},"modified":"2022-01-16T17:35:01","modified_gmt":"2022-01-16T16:35:01","slug":"100-2","status":"publish","type":"page","link":"https:\/\/joiedecrire.fr\/index.php\/100-2\/","title":{"rendered":"La m\u00e9thode DANIELE DUMONT*, la force d\u2019un r\u00e9seau"},"content":{"rendered":"\n<p>*Dani\u00e8le Dumont est Docteur en Sciences du Langage et auteur du livre r\u00e9f\u00e9rence <em>Le Geste d&rsquo;Ecriture <\/em>(\u00c9ditions Hatier) qui d\u00e9veloppe sa m\u00e9thode d&rsquo;\u00e9criture. Elle en parle en d\u00e9tail sur son site&nbsp;: <a href=\"http:\/\/legestedecriture.fr\/\">http:\/\/legestedecriture.fr\/<\/a><\/p>\n\n\n\n<p>Elle a mis au point une m\u00e9thode de<strong> r\u00e9\u00e9ducation graphique<\/strong> qui donne des r\u00e9sultats rapides hors pathologie s\u00e9v\u00e8re. <\/p>\n\n\n\n<p>L\u2019objectif d\u2019une r\u00e9\u00e9ducation graphique est donc de produire un geste automatis\u00e9 plus efficient qui permet de produire <strong>une \u00e9criture fluide, lisible et confortable<\/strong>.<\/p>\n\n\n\n<p>Tous les r\u00e9\u00e9ducateurs form\u00e9s et dipl\u00f4m\u00e9s par Dani\u00e8le Dumont sont en r\u00e9seau&nbsp;: <a href=\"http:\/\/reeducateurs-ecriture-daniele-dumont.com\/\">http:\/\/reeducateurs-ecriture-daniele-dumont.com\/<\/a><\/p>\n\n\n\n<p> Ils b\u00e9n\u00e9ficient d\u2019un forum et participent \u00e0 un colloque annuel afin d&rsquo;\u00e9changer sur leurs pratiques. <br><\/p>\n","protected":false},"excerpt":{"rendered":"<p>*Dani\u00e8le Dumont est Docteur en Sciences du Langage et auteur du livre r\u00e9f\u00e9rence Le Geste d&rsquo;Ecriture (\u00c9ditions Hatier) qui d\u00e9veloppe sa m\u00e9thode d&rsquo;\u00e9criture. Elle en parle en d\u00e9tail sur son site&nbsp;: http:\/\/legestedecriture.fr\/ Elle a mis au point une m\u00e9thode de r\u00e9\u00e9ducation graphique qui donne des r\u00e9sultats rapides hors pathologie s\u00e9v\u00e8re. L\u2019objectif d\u2019une r\u00e9\u00e9ducation graphique est [&hellip;]<\/p>\n","protected":false},"author":3,"featured_media":0,"parent":0,"menu_order":0,"comment_status":"closed","ping_status":"closed","template":"","meta":[],"_links":{"self":[{"href":"https:\/\/joiedecrire.fr\/index.php\/wp-json\/wp\/v2\/pages\/100"}],"collection":[{"href":"https:\/\/joiedecrire.fr\/index.php\/wp-json\/wp\/v2\/pages"}],"about":[{"href":"https:\/\/joiedecrire.fr\/index.php\/wp-json\/wp\/v2\/types\/page"}],"author":[{"embeddable":true,"href":"https:\/\/joiedecrire.fr\/index.php\/wp-json\/wp\/v2\/users\/3"}],"replies":[{"embeddable":true,"href":"https:\/\/joiedecrire.fr\/index.php\/wp-json\/wp\/v2\/comments?post=100"}],"version-history":[{"count":5,"href":"https:\/\/joiedecrire.fr\/index.php\/wp-json\/wp\/v2\/pages\/100\/revisions"}],"predecessor-version":[{"id":298,"href":"https:\/\/joiedecrire.fr\/index.php\/wp-json\/wp\/v2\/pages\/100\/revisions\/298"}],"wp:attachment":[{"href":"https:\/\/joiedecrire.fr\/index.php\/wp-json\/wp\/v2\/media?parent=100"}],"curies":[{"name":"wp","href":"https:\/\/api.w.org\/{rel}","templated":true}]}}